rime factors of g(c)?
2
Let k = 32 + -17. Suppose 0 = -2*j + 2*v - 3*v + 41, 0 = -5*v - k. What are the prime factors of j?
2, 11
Let v = 929 - 612. List the prime factors of v.
317
Let f = -23 + 50. List the prime factors of f.
3
Let f(p) = -p**2 - 9*p - 10. Let q be f(-8). List the prime factors of (-34)/q - (-6)/(-3).
3, 5
Suppose 2*o + 6 = -30. Let q be ((-3)/(-2))/(3/o). Let h(w) = -w**2 - 9*w + 5. List the prime factors of h(q).
5
Let f = -20 + 61. List the prime factors of f.
41
Let g = -100 + 215. Let y = 162 - g. List the prime factors of y.
47
Let y be -1 + 1*(-3 + -2). Let n(v) = v**3 + 7*v**2 + 5*v - 6. Let p be n(y). Suppose p = 3*c + o - 10, 4*c + 3*o - 2 - 3 = 0. List the prime factors of c.
5
Suppose d - 12 = -3*d. Suppose 0 = -4*p - d*s + s + 8, 0 = -5*p + 4*s + 10. What are the prime factors of p?
2
Let w be 2/7 - 372/(-21). Let r = 30 - w. List the prime factors of r.
2, 3
Let k(p) = -4*p. Let m be k(5). Suppose -5*b = -2*r + 4, 2*b - b - 20 = 3*r. List the prime factors of (r/m)/(2/50).
2, 5
Let k(p) = -23*p**3 + 2*p**2 - 1. Let y be k(-1). Let r = y - 13. What are the prime factors of r?
11
Let x = -62 + 122. List the prime factors of x.
2, 3, 5
Suppose 3*z - 17 - 19 = 0. Suppose -z = 2*m - 6*m. List the prime factors of m.
3
Let s(c) be the third derivative of -c**6/60 + c**5/20 + c**4/12 - c**3/3 - 2*c**2. What are the prime factors of s(-2)?
2, 11
Let v(w) = -w**3 + 6*w**2 + w - 3. Suppose -4*d + 13 = -x, -2*d - 3*x + x + 4 = 0. Let q = 3 + d. List the prime factors of v(q).
3
Suppose 3*d = 9*d - 42. What are the prime factors of d?
7
Let j(d) = -1 - 2 - d**3 + 7 + 4*d**2 + 0*d**3. List the prime factors of j(3).
13
Let o be (-22)/6 - 1/3. Let b = -4 - o. Let z(m) = m + 3. List the prime factors of z(b).
3
Let f(p) = -2*p - 6. Let h(n) = n**2 - 6*n - 4. Let r be h(5). List the prime factors of f(r).
2, 3
Let r be 0 - -1 - (-22 + 1). Suppose k = -m + 9 - 0, -2*k + r = 3*m. What are the prime factors of m?
2
Suppose 0 = -4*x + c + 27, 2*x + 3*c - 39 = -x. Let r(y) = 2*y + 10. List the prime factors of r(x).
2, 13
Suppose -3*h = -20 - 61. List the prime factors of h.
3
What are the prime factors of 95 - (1/3)/(8/24)?
2, 47
Let q = 471 - 227. List the prime factors of q.
2, 61
Let b be (-20)/(-8)*(-20)/(-1). Suppose -4*q + 2*r = -b, -2*r + 85 = -q + 6*q. List the prime factors of q.
3, 5
Let q = 13 - 9. Suppose -3*k - 21 - 2 = -4*r, 0 = -3*r + 15. Let m = q + k. What are the prime factors of m?
3
Suppose -4*a = -j - 18, 2*j + 7 = 3*a - 2*j. Suppose 19 = a*w - 111. What are the prime factors of w?
2, 13
Suppose 2*v + 0*v = 4*c + 178, -169 = -2*v + c. List the prime factors of v.
83
Suppose 4 = r - 5*d + 28, 12 = -3*r + 3*d. List the prime factors of (-8)/(-2 + (r - 1)).
2
Suppose 2*k = -2*k + 8. Let f be -1 - -2 - (1 - -1). What are the prime factors of (66/(-3))/(f*k)?
11
Suppose -k + 163 = -l, -6*l + 20 = -11*l. What are the prime factors of k?
3, 53
Suppose -2*a + 103 = x, 3*a + 37 - 178 = 3*x. Suppose 2*j - a = 4*y - 18, 0 = -2*j + y + 29. List the prime factors of j.
2, 7
Suppose -129*o + 131*o = 66. What are the prime factors of o?
3, 11
Suppose 4*o + j = -4668, 4*j - 5*j + 3501 = -3*o. What are the prime factors of 4/(-18) - o/27?
43
Suppose -10 - 2 = -3*s. Let h = 8 - 8. Suppose h*z = -s*z + 52. List the prime factors of z.
13
Let t(n) be the third derivative of -n**6/120 - 7*n**5/60 - 7*n**4/24 + 2*n**3/3 - n**2. What are the prime factors of t(-6)?
2, 5
Let a(o) = -o**2 - 16*o + 2. What are the prime factors of a(-13)?
41
Let b = -225 - -352. What are the prime factors of b?
127
What are the prime factors of ((-2)/8)/(2/(-328))?
41
Let a = 999 + -695. List the prime factors of a.
2, 19
Suppose 4*n + 0*u - 22 = -u, 3*n + 3*u = 21. Suppose -37 = -4*l + n*f, 2*l = -0*l + 2*f + 18. List the prime factors of l.
2
Suppose -5*d + 31 = -4*r - 30, -3*d - r + 23 = 0. Suppose -3*p - 4*l = -d + 2, 0 = -4*p + l + 41. List the prime factors of p.
3
Let i(k) = k**2 + 12*k + 5. Let f be i(-6). Let l = 51 + f. List the prime factors of l.
2, 5
Let g(c) = 4*c. Let u be g(-1). Let y = u - -7. What are the prime factors of y*(-2 - -1)/(-1)?
3
Let s(t) = -5*t**3 + t**2 - 1. Let k be s(-1). Suppose -k*n = 4*f + 16 - 53, 3*f + 6 = 3*n. List the prime factors of f.
3
Let q(x) = x**2 - 2*x - 3. What are the prime factors of q(-4)?
3, 7
What are the prime factors of 11*24 + 4/(-4 + 5)?
2, 67
Let g(h) = 13*h + 14. List the prime factors of g(6).
2, 23
Let v be (36/4)/(1/3). Let h = 40 - v. List the prime factors of h.
13
Let z = -17 - -37. Suppose 0 = -5*v - 0*v + z. Suppose 16 = v*x - 28. List the prime factors of x.
11
Suppose 59 = i - 0*i. Suppose -i = -4*u + 45. List the prime factors of u.
2, 13
Suppose -3*z + 20 = z. Let c = z + 4. What are the prime factors of c?
3
Suppose -3 + 38 = -5*h. Let w = 9 + h. What are the prime factors of w?
2
Suppose 0*v = 5*v - 10. Suppose -1 - 29 = -v*w. List the prime factors of w.
3, 5
Let m = 12 + -12. Suppose m = -5*k - c + 16, 16 = -3*c - c. List the prime factors of k.
2
Let i(c) = -c**3 - 6*c**2 + 8*c + 5. Let j be i(-7). Let k be j/6 + 268/12. What are the prime factors of k/3*(-3)/(-2)?
11
What are the prime factors of 158 - 2 - (6 + -10)?
2, 5
Let x(h) = -37*h**3. What are the prime factors of x(-1)?
37
Let w(g) = -g + 2. Let i(u) = -u**2 + 2*u + 3. Let n be i(4). List the prime factors of w(n).
7
Let q(m) = -6*m**3 + 2*m**2 - 1. List the prime factors of q(-1).
7
Suppose 2*t + 20 = 90. What are the prime factors of t?
5, 7
Let n be (-4 - -5)*(4 + -1). Suppose 4*a - 3*o - 127 = 58, n*a = -o + 155. What are the prime factors of a?
2, 5
Suppose 6*s + 34 = d + s, -2*s = 4*d - 48. Suppose -b + d = -3*z, -3*z = 4*b - z. List the prime factors of b.
2
Let d be (2/(-1))/((-8)/12). Suppose 0 = 4*g - 3*a + d, -5 = 4*a - 25. Let h(z) = 2*z**2 - 2. List the prime factors of h(g).
2
List the prime factors of 6/16*-2*-4.
3
Let o(s) = s**3 + 7*s**2 - s - 9. Let d be o(-7). Let t = d - -3. Let h(w) = 5*w + 1. List the prime factors of h(t).
2, 3
Let u(a) be the first derivative of -7*a**2 - 3. List the prime factors of u(-2).
2, 7
Let b(y) be the first derivative of -y**4/4 - 3*y**3 + 12*y + 3. Suppose 0 = 2*o + 6 + 12. List the prime factors of b(o).
2, 3
Let m(a) = -a**2 + 5. Let v be m(5). What are the prime factors of (-6)/10 + (-572)/v?
2, 7
Suppose -3*y + o = -80, -o = 3*y + 4*o - 68. What are the prime factors of y?
2, 13
Let z(l) = -4*l - 4. Let p be z(-7). Suppose 0 = 4*u + 16, 3*u - u - p = -r. List the prime factors of r.
2
Suppose n = 5*f - 454, 2*f - 172 = -0*f - 2*n. List the prime factors of f.
2, 3, 5
Suppose 5*u - 594 = 4*j, 3*j = 4*u + 264 - 740. List the prime factors of u.
2, 61
Suppose 120 = -10*g + 12*g. What are the prime factors of (2 + 1)/(18/g)?
2, 5
Suppose -2*r + 1 = -7. Suppose 3*f = -r*m + 33 + 24, -4*m = -f - 77. What are the prime factors of m?
2, 3
Let o(h) = -h + 2. Let d be o(0). Suppose -v - d*v = -6. Suppose 30 = v*q - 12. List the prime factors of q.
3, 7
Let i be (2/(-3))/(1/(-3)). Let m be i/(-1) + 4 + 4. Suppose q + 5*g = m, 2*g + 0*g + 2 = 0. List the prime factors of q.
11
Let c(z) be the first derivative of -z**4/4 - 5*z**3/3 + z**2/2 - 1. Let b be c(-5). Let p = b + 18. List the prime factors of p.
13
Let u be (-2)/5 + (-482)/(-5). Suppose 3*g = -5*i + u, -22 = -g - i + 8. List the prime factors of g/2 + (-8)/(-16).
2, 7
Let y = 72 - 25. List the prime factors of y.
47
Suppose 4*y = 308 + 36. List the prime factors of y.
2, 43
Let u = -5 + 7. Suppose 9 = -r + 22. Let m = r - u. List the prime factors of m.
11
Suppose 3*g = -0*g + 129. List the prime factors of g.
43
List the prime factors of (-9)/(-1 + 2/8).
2, 3
Let h(i) = 9*i**2 + 2*i - 2. Let a be h(2). Suppose 0 = w - a + 15. What are the prime factors of w?
23
Let h(l) = 30*l**2 - 2 - l + 4 - 1. Let y be h(1). Suppose d + y = 4*d. What are the prime factors of d?
2, 5
Let y(w) = 3*w + 14. Let i be 24/180 + 148/15. What are the prime factors of y(i)?
2, 11
What are the prime factors of (0 + -21)*(-6)/9?
2, 7
Let g be (2 + (-1)/(-2))*-10. Let q = g + 37. What are the prime factors of q?
2, 3
Let r = -72 + 41. Let o = r + 48. List the prime factors of o.
17
Let n = 40 + -20. Suppose l = n - 9. What are the p